= -594 + 631. Suppose 30 = 7*b - 5*b. Calculate the remainder when y is divided by b.
7
Let w be (2 - 7)/(-3 - (-1)/2). Suppose w*g = 4, 0 = -0*c + 4*c - 2*g - 56. What is the remainder when 87 is divided by c?
12
Let w = 18 - 6. Let d(q) = -9*q**2 + 56*q - 9. Let v be d(6). What is the remainder when (-486)/(-9) + 1 + v + -2 is divided by w?
8
What is the remainder when 174 is divided by (-9260)/(-180) - 112/(-72)?
15
Let l(i) = 610*i + 1989. Calculate the remainder when l(-3) is divided by 148.
11
Suppose 1170 = -5*a - 5*f + 1705, 5*a = -7*f + 531. What is the remainder when a is divided by 53?
3
Suppose 15 = -3*p, 0 = 4*s + 4*p - 837 - 435. What is the remainder when s is divided by 65?
63
Let m = 29 + -18. Let t be 4/(-14) + 9312/(-42). Let u = 341 + t. What is the remainder when u is divided by m?
9
Let v = -16 + 26. Suppose 0 = -2*z + 8, -17*l = -21*l + 5*z + 488. What is the remainder when l is divided by v?
7
Suppose 4 = -5*u + 14, 4*g + 3630 = 5*u. Let k = g - -937. Calculate the remainder when k is divided by ((-1)/2)/(2/(-20)).
2
Suppose -2*a + 6*a = 628. Suppose 5*b - 9*b + 171 = -x, 0 = 3*b + 22*x + 31. What is the remainder when a is divided by b?
34
Calculate the remainder when 636 is divided by (1715/(-55) - (-2)/11)*-3 + -2.
90
Suppose -2*u + 5*z + 32 = -0*u, 5*z - 48 = -3*u. Calculate the remainder when 15 is divided by 2 - (-7)/14*u.
5
Let h be ((-76)/(-24) + -1)/(5/30). Suppose 553 = h*b - 6*b. What is the remainder when b is divided by 10?
9
Suppose -5*o = 0, -6*i + 18 = -9*i - 2*o. What is the remainder when i*(-13 - 0) + 4 + -3 is divided by 16?
15
Let a(r) = r**3 + 6*r**2 + 3*r + 2. Let u = 5 + -2. What is the remainder when a(-3) is divided by 3*(35/u)/5?
6
Let r = 5349 + -5154. Calculate the remainder when 196 is divided by r.
1
Let q(f) = f + 18. Suppose 0 = 167*r + 2506 - 13361. Calculate the remainder when r is divided by q(8).
13
Suppose -2*m + 5*k = 535, -3*k = -4*m - 133 - 902. Let q = m + 398. Let b = -34 - -70. What is the remainder when q is divided by b?
35
Suppose -v + 329 = a, 4*a + 222*v = 221*v + 1289. Calculate the remainder when 355 is divided by a.
35
Calculate the remainder when (6/8)/((-93)/(-33976)) is divided by 24.
10
What is the remainder when 1467 is divided by (125/(-10))/(9 - ((-3321)/36)/(-9))?
7
Let k be (-13)/52 + (62/(-8) - 0). Calculate the remainder when 376 is divided by (-126)/(-7) + k - -8.
16
Suppose 0 = n + 4*n + 3*f + 45, -3*f = 0. Let y(c) = -4*c - 19. Calculate the remainder when y(n) is divided by (-3)/6 + (-58)/(-4).
3
Suppose -2*o = 3*i - 10, 0 = 3*i - 6. Suppose -3*g - o*b - 7 = -6*b, 4*g - 20 = -2*b. Suppose g*k - 8*k = -205. Calculate the remainder when k is divided by 22.
19
Suppose 1185 = 4*b + 3*q, -1245 = -5*b - 3*q + 237. What is the remainder when b is divided by 285?
12
Calculate the remainder when 241 is divided by (-8)/2 + (-11 + (18 - 8))*-231.
14
Calculate the remainder when 5357 is divided by 37/(-555)*-1965 - 3*(-3 - -2).
131
Let v = 3839 - 3763. What is the remainder when 149 is divided by v?
73
Suppose 0 = -4*w - 3*i + 104, 46*w - i = 50*w - 120. What is the remainder when 16414 is divided by w?
30
Suppose -3*o + 111 = 3*l, 3*o - 4*l + 18 = 136. Suppose 3*m + 23 = -97. Let q = m - -153. What is the remainder when q is divided by o?
37
Let j(y) = -y**2 + 60*y + 755. What is the remainder when j(67) is divided by 16?
14
Let i be ((-138)/10 + -1)/(20/(-50)). Suppose -65 - i = -17*g. Let w = 14 + -10. Calculate the remainder when g is divided by w.
2
Let c = 301 - 96. Suppose -214*h = -223*h + 189. What is the remainder when c is divided by h?
16
Suppose 283 = -323*f + 344*f - 137. Let r(c) = c**2 - c - 3. Let s be r(3). Suppose -40 - f = -s*k. What is the remainder when 99 is divided by k?
19
Suppose 12684 = 124*r + 4376. What is the remainder when 12528 is divided by r?
66
Let z = 2053 + -1983. Calculate the remainder when 1043 is divided by z.
63
Let s(m) = -131*m - 119. Calculate the remainder when 1087 is divided by s(-1).
7
Let r = -3622 + 3636. Calculate the remainder when ((-100)/(-3))/(-2)*-3 is divided by r.
8
Calculate the remainder when (37101/596)/(((18/(-8))/1)/(-6)) is divided by 71.
24
Let f(o) be the first derivative of 2*o**3/3 - 5*o**2 + 22*o - 20. Calculate the remainder when f(13) is divided by 9.
5
Let f(h) = 16*h**2 + 16*h + 446. Calculate the remainder when f(-17) is divided by 1589.
31
Let x = -354 - -14. What is the remainder when 144 is divided by x/8*16/(-20) - 4?
24
Suppose -142 + 1962 = 20*g. Calculate the remainder when 95 is divided by (36/(-21))/((-13)/g).
11
Let h(u) = 150*u**2 - 61*u + 323. Calculate the remainder when h(5) is divided by 23.
19
Let w(g) = g**3 - 10*g**2 - 9*g + 2. Let n = -21 - -32. What is the remainder when w(n) is divided by 108/(9 - 5)*3/9?
6
Let t = -193 + 190. Calculate the remainder when 173 is divided by (t/(-2))/((-99)/(-330)).
3
Suppose f + 0*f = -2*w + 11, -4*w + 37 = 5*f. Suppose 0 = v - 3*q + 5, 5*q + 4 = 3*v + w. Suppose v*b + 13 = 83. What is the remainder when 47 is divided by b?
7
Suppose -129*b - 34*b - 188*b + 44928 = 0. Calculate the remainder when 637 is divided by b.
125
Suppose c = 2*k - 13 - 8, 0 = 3*c - k + 63. What is the remainder when 190 is divided by -3*(-1)/(c/(-287))?
26
Suppose 51*x + 390 = 61*x. Suppose -71 = -v - 2*a, 0*v = -2*v - 2*a + 144. Calculate the remainder when v is divided by x.
34
Let z(m) = -m**2 - 13*m - 22. Let u be z(-10). Suppose -37 + 805 = u*q. What is the remainder when q is divided by 9?
6
Let j(x) = 55*x - 28. Suppose -12 = -49*z + 43*z. Calculate the remainder when j(z) is divided by 47.
35
Let i = 27747 - 7708. What is the remainder when i is divided by 30?
29
Let m(k) = -2*k - 34. Let r be m(-20). Let u(w) = w**3 - 7*w**2 + 11*w - 26. Let s(i) = i + 1. What is the remainder when u(r) is divided by s(1)?
0
Let q = -5631 + 5653. Calculate the remainder when 2014 is divided by q.
12
Let z(w) = -36*w - 269. Calculate the remainder when 821 is divided by z(-9).
51
Let c be (-1 - (-28)/16) + 209/4. Suppose c*s + 192 = 56*s. What is the remainder when s is divided by 33?
31
Let p = 0 - 24. Suppose x + 105 = 2*i - 0*i, 157 = 3*i - x. Let n = p + i. Calculate the remainder when 53 is divided by n.
25
Calculate the remainder when 14794 is divided by (-1)/(-2)*(-20)/(90/18) + 14.
10
Suppose 4*j + 2758 = -16*j + 9998. Calculate the remainder when j is divided by 35.
12
Suppose -3133*q = -3121*q - 948. Calculate the remainder when 325 is divided by q.
9
Suppose -2244 = -27*r - 1245. What is the remainder when 2019 is divided by r?
21
Suppose 0 = -3*j + 338 + 928. Let s = -71046 - -71117. What is the remainder when j is divided by s?
67
Suppose -21*r - 20*r = -5*r - 20340. Calculate the remainder when r is divided by 93.
7
Calculate the remainder when 1142 is divided by (-321 - -324)/((-6)/(-52)).
24
Suppose -6*m + 140 = -2*m. Let t = -409 - -410. Let g(n) = 252*n - 9. Calculate the remainder when g(t) is divided by m.
33
Suppose -91 - 1569 = -2*c + 3*m, 4*c - 3324 = 5*m. What is the remainder when c is divided by 205?
16
Let w be ((-807)/4)/((-126)/48 + 3). Let j = w - -568. Calculate the remainder when 117 is divided by j.
27
Suppose -5*n = 5*c - 55, 2*c - 37 = -c - 4*n. Suppose -4*z - 2325 = -c*z. Suppose 5*f = 10*f - z. Calculate the remainder when f is divided by 39.
38
What is the remainder when 105 is divided by (-2 + (-48)/18)/((-5)/3 - -1)?
0
Let b(g) = 4*g + 10. Suppose 0 = 3*h - 3*a - 2*a + 210, 0 = -h - 5*a - 50. What is the remainder when b(8) is divided by (-3 - -1) + h/(-5)*1?
9
Suppose 1252 = 4*j - 2*v, -5*v + 2 - 22 = 0. Let x = -267 + j. Let t(l) = -l**2 + 9*l - 4. What is the remainder when x is divided by t(6)?
2
Let g(x) = -x**2 + 211*x - 9993. Let y = -5 + 13. What is the remainder when g(139) is divided by y?
7
Let q = 747 - 744. Suppose g + 5*l = 5*g - 5093, q*g - 3821 = 5*l. Calculate the remainder when g is divided by 85.
82
Let a(d) = 80*d - 4. Let j be a(-1). Let l = 192 + j. Let i = -74 + l. What is the remainder when i is divided by 12?
10
What is the remainder when (-5*5/25)/(-1)*(-2 + 2186) is divided by 19?
18
Let x = -1378 + 1393. Calculate the remainder when 42 is divided by x.
12
Let w = 7720 - -46278. Suppose -16270 = -12*y -